{"id":74,"date":"2022-04-01T14:30:35","date_gmt":"2022-04-01T14:30:35","guid":{"rendered":"http:\/\/www.soka.seinajarvi.fi\/?page_id=74"},"modified":"2026-03-27T14:01:34","modified_gmt":"2026-03-27T14:01:34","slug":"ajankohtaista","status":"publish","type":"page","link":"https:\/\/www.soka.seinajarvi.fi\/index.php\/ajankohtaista\/","title":{"rendered":"Ajankohtaista"},"content":{"rendered":"\n<figure class=\"wp-block-image aligncenter size-large is-resized\"><img loading=\"lazy\" decoding=\"async\" width=\"1024\" height=\"592\" src=\"https:\/\/www.soka.seinajarvi.fi\/wp-content\/uploads\/2022\/04\/kalat-1024x592.png\" alt=\"\" class=\"wp-image-99\" style=\"width:412px;height:auto\" srcset=\"https:\/\/www.soka.seinajarvi.fi\/wp-content\/uploads\/2022\/04\/kalat-1024x592.png 1024w, https:\/\/www.soka.seinajarvi.fi\/wp-content\/uploads\/2022\/04\/kalat-300x173.png 300w, https:\/\/www.soka.seinajarvi.fi\/wp-content\/uploads\/2022\/04\/kalat-768x444.png 768w, https:\/\/www.soka.seinajarvi.fi\/wp-content\/uploads\/2022\/04\/kalat.png 1280w\" sizes=\"auto, (max-width: 1024px) 100vw, 1024px\" \/><\/figure>\n\n\n\n<p>&#8212;&#8212;&#8212;&#8212;&#8212;&#8212;&#8212;&#8212;&#8212;&#8212;&#8212;&#8212;&#8212;&#8211;<\/p>\n\n\n\n<p>Vuoden 2026 vuosikokous Sein\u00e4j\u00e4rven kyl\u00e4talolla 13.3.2026 klo18. K\u00e4sitell\u00e4\u00e4n s\u00e4\u00e4nt\u00f6jen m\u00e4\u00e4r\u00e4\u00e4m\u00e4t asiat.<\/p>\n\n\n\n<p>Vuoden 2025 <a href=\"https:\/\/docs.google.com\/document\/d\/1kfPsqhMTEtO6j8U3TOH_7BOOnQz39Zst\/edit?usp=sharing&amp;ouid=102680630370040407645&amp;rtpof=true&amp;sd=true\" data-type=\"link\" data-id=\"https:\/\/docs.google.com\/document\/d\/1kfPsqhMTEtO6j8U3TOH_7BOOnQz39Zst\/edit?usp=sharing&amp;ouid=102680630370040407645&amp;rtpof=true&amp;sd=true\">toimintakertomus<\/a><\/p>\n\n\n\n<p>&#8212;&#8212;&#8212;&#8212;&#8212;&#8212;&#8212;<\/p>\n\n\n\n<p>I<strong>so-Soukkaj\u00e4rven pohjapato<\/strong> <\/p>\n\n\n\n<p>Vuosikokouksen j\u00e4lkeen nousi keskustelua Iso-Soukkaj\u00e4rven vedenpinnan <strong>omatoimisesta s\u00e4\u00e4telyst\u00e4, joka ei tietenk\u00e4\u00e4n ole sallittua<\/strong>. Siit\u00e4 johtuen kutsuttiin Kotolan Jukka ja Alavuden kaupungin mittamiehen k\u00e4ym\u00e4\u00e4n padolla mittaamassa t\u00e4m\u00e4n hetkisen vedenkorkeuden. <a href=\"https:\/\/drive.google.com\/file\/d\/1tlU0cw2_2JLnezNV5ckJ0FKfVygz9QkN\/view?usp=sharing\" data-type=\"link\" data-id=\"https:\/\/drive.google.com\/file\/d\/1tlU0cw2_2JLnezNV5ckJ0FKfVygz9QkN\/view?usp=sharing\">Ks. kuva<\/a>. Juuseelle tehd\u00e4\u00e4n virallinen mittauspiste,  josta seurataan j\u00e4rven vedenkorkeutta kes\u00e4n ja syksyn ajan ja haetaan keskim\u00e4\u00e4r\u00e4ist\u00e4 kaikille maanomistajille ja m\u00f6kkil\u00e4isille suotuisaa sallittua vedenkorkeutta. Tuo korkeus n\u00e4ytt\u00e4isi olevan l\u00e4hes sama peruskartalla n\u00e4kyv\u00e4 147,4 mpy. Alavuden kaupungin rakennusj\u00e4rjestyksess\u00e4 vanha korkeus peruskartalta oli 146,8 ja sokkelin alin korkeus 148,0, havaittu ylinvesi 147,0 ja keskiylivesi 146,88.<br>Mittalaudan voi tuoda vaikka heti, niin saadaan kiintopiste t\u00e4m\u00e4np\u00e4iv\u00e4isest\u00e4 korkeudesta. (27.3.2026 JS)<\/p>\n\n\n\n<p><\/p>\n\n\n\n<p>&#8212;&#8212;&#8212;&#8212;&#8212;&#8212;&#8212;&#8212;&#8212;<\/p>\n\n\n\n<p>Vuosimaksu 15 \u20ac oikeuttaa verkko- ja katiskapyydyksiin. Jos olet 18 \u2013 69 vuotias, lis\u00e4ksi tulee maksaa kalastonhoitomaksu jos kalastat vieheell\u00e4 tai pyydyksell\u00e4 (paitsi jos olet t\u00e4ytt\u00e4nyt 65 vuotta 31.12.2023 menness\u00e4). Vesialueen omistajan lupaa tarvitaan, kun kalastetaan useammalla vieheell\u00e4 tai vavalla ja passiivisilla pyydyksill\u00e4, kuten verkoilla tai katiskoilla.<\/p>\n\n\n\n<p>&#8212;&#8212;&#8212;&#8212;&#8212;&#8212;&#8212;&#8212;&#8212;&#8212;&#8212;&#8212;&#8212;&#8212;&#8212;&#8212;-<\/p>\n\n\n\n<p>Vuoden 2025 vuosikokous pidet\u00e4\u00e4n Sein\u00e4j\u00e4rven kyl\u00e4talolla 28.3.2025 klo 18.<\/p>\n\n\n\n<p><\/p>\n\n\n\n<p>Muista t\u00e4ytt\u00e4\u00e4 <a href=\"https:\/\/forms.office.com\/r\/481B9HwJzs\" data-type=\"link\" data-id=\"https:\/\/forms.office.com\/r\/481B9HwJzs\">saaliskysely<\/a> vuodelta 2024 &#8211; ilmoita my\u00f6s s\u00e4hk\u00f6postiosoite s\u00e4hk\u00f6ist\u00e4 laskutusta varten postituskulujen s\u00e4\u00e4st\u00e4miseksi.<\/p>\n\n\n\n<p>&#8212;&#8212;&#8212;&#8212;&#8212;&#8212;&#8212;&#8212;&#8212;&#8212;&#8212;&#8212;-<\/p>\n\n\n\n<p>Iso-Soukkaj\u00e4rven <a href=\"https:\/\/drive.google.com\/file\/d\/1mtByn0NVzGpvf62zbrYWMqkx-GWtEM4d\/view?usp=sharing\" data-type=\"URL\" data-id=\"https:\/\/drive.google.com\/file\/d\/1mtByn0NVzGpvf62zbrYWMqkx-GWtEM4d\/view?usp=sharing\">vesiensuojelu &#8211; kalataloussuunnitelma<\/a> vuodelta 2012<\/p>\n\n\n\n<p>Lapuanjoen kalatalousalueen<a href=\"https:\/\/www.lapuanjoenkalatalousalue.fi\/wp-content\/uploads\/2022\/01\/Lapuanjoen_KHS_valmis_hyvaksyttavaksi.pdf\" data-type=\"URL\" data-id=\"https:\/\/www.lapuanjoenkalatalousalue.fi\/wp-content\/uploads\/2022\/01\/Lapuanjoen_KHS_valmis_hyvaksyttavaksi.pdf\"> k\u00e4ytt\u00f6- ja hoitosuunnitelma<\/a> <\/p>\n\n\n\n<p>Vuosikokouksen 28.3.2025 p\u00e4\u00e4t\u00f6ksi\u00e4 <a href=\"https:\/\/docs.google.com\/document\/d\/1azHKpHFDQ3aRWLCmcgAGNgBKO8-fuV_R\/edit?usp=sharing&amp;ouid=102680630370040407645&amp;rtpof=true&amp;sd=true\" data-type=\"link\" data-id=\"https:\/\/drive.google.com\/file\/d\/1ITjjdn8YQkkqr1oMRAtZdKbemTkZMAXF\/view?usp=sharing\">p\u00f6yt\u00e4kirjass<\/a>a<\/p>\n\n\n\n<p><a href=\"https:\/\/docs.google.com\/document\/d\/1pa8EuB2wQ4qXF_eIpnps_4zcXgnNEmaK\/edit?usp=sharing&amp;ouid=102680630370040407645&amp;rtpof=true&amp;sd=true\" data-type=\"link\" data-id=\"https:\/\/drive.google.com\/file\/d\/1_KfBuBKzy2T13BJypo4ald7LIbo3E7Z7\/view?usp=sharing\">Toimintakertomus<\/a> vuodelta 2024<\/p>\n\n\n\n<p>Vedenlaadun <a href=\"https:\/\/docs.google.com\/spreadsheets\/d\/1ugYQVNofm-T_2bDwZx3rqTsC9LA9aH2O\/edit?usp=sharing&amp;ouid=102680630370040407645&amp;rtpof=true&amp;sd=true\" data-type=\"link\" data-id=\"https:\/\/docs.google.com\/spreadsheets\/d\/1ugYQVNofm-T_2bDwZx3rqTsC9LA9aH2O\/edit?usp=sharing&amp;ouid=102680630370040407645&amp;rtpof=true&amp;sd=true\">mittaustuloksia<\/a> <\/p>\n\n\n\n<figure class=\"wp-block-image aligncenter size-full is-resized\"><img loading=\"lazy\" decoding=\"async\" width=\"640\" height=\"480\" src=\"https:\/\/www.soka.seinajarvi.fi\/wp-content\/uploads\/2022\/04\/iso-ahven.jpg\" alt=\"\" class=\"wp-image-94\" style=\"aspect-ratio:1.3333333333333333;width:363px;height:auto\" srcset=\"https:\/\/www.soka.seinajarvi.fi\/wp-content\/uploads\/2022\/04\/iso-ahven.jpg 640w, https:\/\/www.soka.seinajarvi.fi\/wp-content\/uploads\/2022\/04\/iso-ahven-300x225.jpg 300w\" sizes=\"auto, (max-width: 640px) 100vw, 640px\" \/><figcaption class=\"wp-element-caption\">T\u00e4m\u00e4 ahvenukko painoi 1,150 kg ja pituutta 43 cm! Kalasti Aulis Ruotsalainen 28.5.2011<\/figcaption><\/figure>\n","protected":false},"excerpt":{"rendered":"<p>&#8212;&#8212;&#8212;&#8212;&#8212;&#8212;&#8212;&#8212;&#8212;&#8212;&#8212;&#8212;&#8212;&#8211; Vuoden 2026 vuosikokous Sein\u00e4j\u00e4rven kyl\u00e4talolla 13.3.2026 klo18. K\u00e4sitell\u00e4\u00e4n s\u00e4\u00e4nt\u00f6jen m\u00e4\u00e4r\u00e4\u00e4m\u00e4t asiat. Vuoden 2025 toimintakertomus &#8212;&#8212;&#8212;&#8212;&#8212;&#8212;&#8212; Iso-Soukkaj\u00e4rven pohjapato Vuosikokouksen j\u00e4lkeen nousi keskustelua Iso-Soukkaj\u00e4rven vedenpinnan omatoimisesta s\u00e4\u00e4telyst\u00e4, joka ei tietenk\u00e4\u00e4n ole sallittua. Siit\u00e4 johtuen kutsuttiin Kotolan Jukka ja Alavuden kaupungin mittamiehen k\u00e4ym\u00e4\u00e4n padolla mittaamassa t\u00e4m\u00e4n hetkisen vedenkorkeuden. Ks. kuva. Juuseelle tehd\u00e4\u00e4n virallinen mittauspiste, josta seurataan j\u00e4rven [&hellip;]<\/p>\n","protected":false},"author":1,"featured_media":0,"parent":0,"menu_order":0,"comment_status":"closed","ping_status":"closed","template":"","meta":{"site-sidebar-layout":"default","site-content-layout":"","ast-site-content-layout":"default","site-content-style":"default","site-sidebar-style":"default","ast-global-header-display":"","ast-banner-title-visibility":"","ast-main-header-display":"","ast-hfb-above-header-display":"","ast-hfb-below-header-display":"","ast-hfb-mobile-header-display":"","site-post-title":"","ast-breadcrumbs-content":"","ast-featured-img":"","footer-sml-layout":"","ast-disable-related-posts":"","theme-transparent-header-meta":"","adv-header-id-meta":"","stick-header-meta":"","header-above-stick-meta":"","header-main-stick-meta":"","header-below-stick-meta":"","astra-migrate-meta-layouts":"set","ast-page-background-enabled":"default","ast-page-background-meta":{"desktop":{"background-color":"var(--ast-global-color-4)","background-image":"","background-repeat":"repeat","background-position":"center center","background-size":"auto","background-attachment":"scroll","background-type":"","background-media":"","overlay-type":"","overlay-color":"","overlay-opacity":"","overlay-gradient":""},"tablet":{"background-color":"","background-image":"","background-repeat":"repeat","background-position":"center center","background-size":"auto","background-attachment":"scroll","background-type":"","background-media":"","overlay-type":"","overlay-color":"","overlay-opacity":"","overlay-gradient":""},"mobile":{"background-color":"","background-image":"","background-repeat":"repeat","background-position":"center center","background-size":"auto","background-attachment":"scroll","background-type":"","background-media":"","overlay-type":"","overlay-color":"","overlay-opacity":"","overlay-gradient":""}},"ast-content-background-meta":{"desktop":{"background-color":"var(--ast-global-color-5)","background-image":"","background-repeat":"repeat","background-position":"center center","background-size":"auto","background-attachment":"scroll","background-type":"","background-media":"","overlay-type":"","overlay-color":"","overlay-opacity":"","overlay-gradient":""},"tablet":{"background-color":"var(--ast-global-color-5)","background-image":"","background-repeat":"repeat","background-position":"center center","background-size":"auto","background-attachment":"scroll","background-type":"","background-media":"","overlay-type":"","overlay-color":"","overlay-opacity":"","overlay-gradient":""},"mobile":{"background-color":"var(--ast-global-color-5)","background-image":"","background-repeat":"repeat","background-position":"center center","background-size":"auto","background-attachment":"scroll","background-type":"","background-media":"","overlay-type":"","overlay-color":"","overlay-opacity":"","overlay-gradient":""}},"footnotes":""},"class_list":["post-74","page","type-page","status-publish","hentry"],"_links":{"self":[{"href":"https:\/\/www.soka.seinajarvi.fi\/index.php\/wp-json\/wp\/v2\/pages\/74","targetHints":{"allow":["GET"]}}],"collection":[{"href":"https:\/\/www.soka.seinajarvi.fi\/index.php\/wp-json\/wp\/v2\/pages"}],"about":[{"href":"https:\/\/www.soka.seinajarvi.fi\/index.php\/wp-json\/wp\/v2\/types\/page"}],"author":[{"embeddable":true,"href":"https:\/\/www.soka.seinajarvi.fi\/index.php\/wp-json\/wp\/v2\/users\/1"}],"replies":[{"embeddable":true,"href":"https:\/\/www.soka.seinajarvi.fi\/index.php\/wp-json\/wp\/v2\/comments?post=74"}],"version-history":[{"count":50,"href":"https:\/\/www.soka.seinajarvi.fi\/index.php\/wp-json\/wp\/v2\/pages\/74\/revisions"}],"predecessor-version":[{"id":227,"href":"https:\/\/www.soka.seinajarvi.fi\/index.php\/wp-json\/wp\/v2\/pages\/74\/revisions\/227"}],"wp:attachment":[{"href":"https:\/\/www.soka.seinajarvi.fi\/index.php\/wp-json\/wp\/v2\/media?parent=74"}],"curies":[{"name":"wp","href":"https:\/\/api.w.org\/{rel}","templated":true}]}}